{"id":5929,"date":"2021-09-21T17:11:46","date_gmt":"2021-09-21T15:11:46","guid":{"rendered":"https:\/\/groupgia.com\/?page_id=5929"},"modified":"2021-09-21T17:13:11","modified_gmt":"2021-09-21T15:13:11","slug":"aviso-legal","status":"publish","type":"page","link":"https:\/\/groupgia.com\/es\/aviso-legal\/","title":{"rendered":"Aviso Legal"},"content":{"rendered":"<div class=\"wpb-content-wrapper\"><p>[vc_row][vc_column]\r\n\t\t<div class=\"themesflat_sc_vc-spacer clearfix\" data-desktop=\"20\" data-mobi=\"20\" data-smobi=\"20\"><\/div><div class=\"themesflat_sc_vc-headings clearfix \"  style=\"\"><h1 class=\"heading clearfix\" style=\"\">\r\n\t\t\tAviso legal\r\n\t\t<\/h1><\/div>\r\n\t\t<div class=\"themesflat_sc_vc-spacer clearfix\" data-desktop=\"15\" data-mobi=\"15\" data-smobi=\"15\"><\/div>[vc_column_text]En cumplimiento de la Ley 34\/2002, de 11 de julio, de Servicios de la Sociedad de la Informaci\u00f3n y Comercio Electr\u00f3nico, les informamos de que el website www.groupgia.com es titularidad de GESTION INTEGRAL DE ALMACENES, S.L., provista de CIF n\u00fam. B63730071 y domicilio social en C\/ Industria, 13 Pol\u00edgono Ind. El Pedregar de Montmel\u00f3 y correo electr\u00f3nico info@groupgia.com.[\/vc_column_text]\r\n\t\t<div class=\"themesflat_sc_vc-spacer clearfix\" data-desktop=\"15\" data-mobi=\"15\" data-smobi=\"15\"><\/div>[\/vc_column][\/vc_row][vc_row][vc_column]\r\n\t\t<div class=\"themesflat_sc_vc-spacer clearfix\" data-desktop=\"20\" data-mobi=\"20\" data-smobi=\"20\"><\/div><div class=\"themesflat_sc_vc-headings clearfix \"  style=\"\"><h2 class=\"heading clearfix\" style=\"\">\r\n\t\t\t1 - Pol\u00edtica de privacidad\r\n\t\t<\/h2><\/div>\r\n\t\t<div class=\"themesflat_sc_vc-spacer clearfix\" data-desktop=\"15\" data-mobi=\"15\" data-smobi=\"15\"><\/div>[vc_column_text]De conformidad con lo dispuesto en el art\u00edculo 5 de la Ley Org\u00e1nica 15\/1999, de 13 de diciembre, de Protecci\u00f3n de Datos de Car\u00e1cter Personal, GESTION INTEGRAL DE ALMACENES, S.L., informa a los usuarios de su website de que los datos de car\u00e1cter personal que nos proporcione mediante la cumplimentaci\u00f3n de cualquier formulario inserto en su p\u00e1gina web ser\u00e1n introducidos en un fichero titularidad de la empresa, ante la que podr\u00e1 ejercitar los derechos de acceso, rectificaci\u00f3n, cancelaci\u00f3n y oposici\u00f3n mediante solicitud firmada por escrito.<br \/>\nLas finalidades de la recogida de sus datos personales son las que particularmente se indiquen en cada una de las p\u00e1ginas donde aparezca el formulario de registro electr\u00f3nico. Con car\u00e1cter general, los datos de car\u00e1cter personal que nos proporcione ser\u00e1n utilizados para atender a sus solicitudes de informaci\u00f3n, as\u00ed como informarle sobre nuevas actividades y servicios de la empresa.<br \/>\nGESTION INTEGRAL DE ALMACENES, S.L. se compromete a tratar de forma confidencial sus datos de car\u00e1cter personal, haciendo uso de los mismos exclusivamente para las finalidades indicadas, y le informa de que tiene implantadas las medidas de seguridad de \u00edndole t\u00e9cnica y organizativa necesarias para garantizar la seguridad de sus datos y evitar su alteraci\u00f3n, p\u00e9rdida, tratamiento y\/o acceso no autorizado, todo ello de conformidad con lo dispuesto en el art\u00edculo 9 de la LOPD y en su Reglamento de desarrollo aprobado por el Real Decreto 1720\/2007, de 21 de diciembre.[\/vc_column_text]\r\n\t\t<div class=\"themesflat_sc_vc-spacer clearfix\" data-desktop=\"15\" data-mobi=\"15\" data-smobi=\"15\"><\/div>[\/vc_column][\/vc_row][vc_row][vc_column]\r\n\t\t<div class=\"themesflat_sc_vc-spacer clearfix\" data-desktop=\"20\" data-mobi=\"20\" data-smobi=\"20\"><\/div><div class=\"themesflat_sc_vc-headings clearfix \"  style=\"\"><h2 class=\"heading clearfix\" style=\"\">\r\n\t\t\t2 - Condiciones de uso de la p\u00e1gina web y r\u00e9gimen de responsabilidades\r\n\t\t<\/h2><\/div>\r\n\t\t<div class=\"themesflat_sc_vc-spacer clearfix\" data-desktop=\"15\" data-mobi=\"15\" data-smobi=\"15\"><\/div>[vc_column_text]La utilizaci\u00f3n de nuestra p\u00e1gina le atribuye la condici\u00f3n de usuario de la misma y supone la aceptaci\u00f3n plena y sin reservas de todas de las disposiciones aqu\u00ed establecidas.<br \/>\nGESTION INTEGRAL DE ALMACENES, S.L. se reserva el derecho a denegar o retirar el acceso a su p\u00e1gina web, en cualquier momento, y sin necesidad de preaviso, a aquellos usuarios que incumplan las presentes disposiciones generales, as\u00ed como las particulares que resulten de aplicaci\u00f3n.<br \/>\nGESTION INTEGRAL DE ALMACENES, S.L. no garantiza la disponibilidad y continuidad del funcionamiento de su p\u00e1gina web y\/o de sus servicios o contenido, ni que \u00e9ste se encuentre actualizado. Asimismo, tampoco garantizar\u00e1 la disponibilidad t\u00e9cnica, exactitud, veracidad, validez o legalidad de p\u00e1ginas ajenas a su propiedad a las que se pueda acceder por medio de los enlaces. En este contexto, Bravo Advocats Associats SCP declina cualquier responsabilidad por los da\u00f1os y perjuicios de toda naturaleza que puedan deberse a la falta de disponibilidad o de continuidad del funcionamiento de la p\u00e1gina web y de sus servicios.[\/vc_column_text]\r\n\t\t<div class=\"themesflat_sc_vc-spacer clearfix\" data-desktop=\"15\" data-mobi=\"15\" data-smobi=\"15\"><\/div>[\/vc_column][\/vc_row][vc_row][vc_column]\r\n\t\t<div class=\"themesflat_sc_vc-spacer clearfix\" data-desktop=\"20\" data-mobi=\"20\" data-smobi=\"20\"><\/div><div class=\"themesflat_sc_vc-headings clearfix \"  style=\"\"><h2 class=\"heading clearfix\" style=\"\">\r\n\t\t\t3 - Propiedad intelectual e industrial\r\n\t\t<\/h2><\/div>\r\n\t\t<div class=\"themesflat_sc_vc-spacer clearfix\" data-desktop=\"15\" data-mobi=\"15\" data-smobi=\"15\"><\/div>[vc_column_text]Todo el contenido disponible en la p\u00e1gina web (textos, logotipos, iconos, im\u00e1genes, clips de audio, recopilaciones de datos y software, marcas, nombres comerciales, etc), con excepci\u00f3n de las citas textuales ajenas (en las que se identificar\u00e1 al autor de las mismas) es propiedad de GESTION INTEGRAL DE ALMACENES, S.L. y\/o se encuentran leg\u00edtimamente explotados en virtud de acuerdos o licencias de uso y est\u00e1 protegido por la legislaci\u00f3n de Propiedad Intelectual e Industrial, de \u00e1mbito auton\u00f3mico, estatal, comunitario o internacional, por lo que no se permite la reproducci\u00f3n y\/o publicaci\u00f3n, total o parcial del sitio web, ni su tratamiento inform\u00e1tico, su distribuci\u00f3n, su comunicaci\u00f3n p\u00fablica, ni su modificaci\u00f3n o transformaci\u00f3n, sin consentimiento previo y por escrito de GESTION INTEGRAL DE ALMACENES, S.L. El usuario podr\u00e1 utilizar los contenidos de la website \u00fanica y exclusivamente para su uso privado, quedando prohibido su utilizaci\u00f3n con fines comerciales o contrarios a la legislaci\u00f3n vigente.<br \/>\nLa relaci\u00f3n entre el usuario y GESTION INTEGRAL DE ALMACENES, S.L. se regir\u00e1 por las normas de uso establecidas y en la legislaci\u00f3n espa\u00f1ola vigente, someti\u00e9ndose las partes a la jurisdicci\u00f3n de los Juzgados y Tribunales de l\u2019Hospitalet de Llobregat (Barcelona) en caso de controversia entre ambas partes.[\/vc_column_text]\r\n\t\t<div class=\"themesflat_sc_vc-spacer clearfix\" data-desktop=\"40\" data-mobi=\"40\" data-smobi=\"40\"><\/div>[\/vc_column][\/vc_row]<\/p>\n<\/div>","protected":false},"excerpt":{"rendered":"<p>[vc_row][vc_column][vc_column_text]En cumplimiento de la Ley 34\/2002, de 11 de julio, de Servicios de la Sociedad de la Informaci\u00f3n y Comercio Electr\u00f3nico, les informamos de que el website www.groupgia.com es titularidad de GESTION INTEGRAL DE ALMACENES, S.L., provista de CIF n\u00fam. B63730071 [&hellip;]<\/p>\n","protected":false},"author":2,"featured_media":0,"parent":0,"menu_order":0,"comment_status":"closed","ping_status":"closed","template":"tpl\/front-page.php","meta":{"_monsterinsights_skip_tracking":false,"_monsterinsights_sitenote_active":false,"_monsterinsights_sitenote_note":"","_monsterinsights_sitenote_category":0,"footnotes":""},"class_list":["post-5929","page","type-page","status-publish","hentry"],"_links":{"self":[{"href":"https:\/\/groupgia.com\/es\/wp-json\/wp\/v2\/pages\/5929","targetHints":{"allow":["GET"]}}],"collection":[{"href":"https:\/\/groupgia.com\/es\/wp-json\/wp\/v2\/pages"}],"about":[{"href":"https:\/\/groupgia.com\/es\/wp-json\/wp\/v2\/types\/page"}],"author":[{"embeddable":true,"href":"https:\/\/groupgia.com\/es\/wp-json\/wp\/v2\/users\/2"}],"replies":[{"embeddable":true,"href":"https:\/\/groupgia.com\/es\/wp-json\/wp\/v2\/comments?post=5929"}],"version-history":[{"count":0,"href":"https:\/\/groupgia.com\/es\/wp-json\/wp\/v2\/pages\/5929\/revisions"}],"wp:attachment":[{"href":"https:\/\/groupgia.com\/es\/wp-json\/wp\/v2\/media?parent=5929"}],"curies":[{"name":"wp","href":"https:\/\/api.w.org\/{rel}","templated":true}]}}

<div class="wpb-content-wrapper"><p>[vc_row][vc_column]
		<div class="themesflat_sc_vc-spacer clearfix" data-desktop="20" data-mobi="20" data-smobi="20"></div><div class="themesflat_sc_vc-headings clearfix "  style=""><h1 class="heading clearfix" style="">
			Aviso legal
		</h1></div>
		<div class="themesflat_sc_vc-spacer clearfix" data-desktop="15" data-mobi="15" data-smobi="15"></div>[vc_column_text]En cumplimiento de la Ley 34/2002, de 11 de julio, de Servicios de la Sociedad de la Información y Comercio Electrónico, les informamos de que el website www.groupgia.com es titularidad de GESTION INTEGRAL DE ALMACENES, S.L., provista de CIF núm. B63730071 y domicilio social en C/ Industria, 13 Polígono Ind. El Pedregar de Montmeló y correo electrónico info@groupgia.com.[/vc_column_text]
		<div class="themesflat_sc_vc-spacer clearfix" data-desktop="15" data-mobi="15" data-smobi="15"></div>[/vc_column][/vc_row][vc_row][vc_column]
		<div class="themesflat_sc_vc-spacer clearfix" data-desktop="20" data-mobi="20" data-smobi="20"></div><div class="themesflat_sc_vc-headings clearfix "  style=""><h2 class="heading clearfix" style="">
			1 - Política de privacidad
		</h2></div>
		<div class="themesflat_sc_vc-spacer clearfix" data-desktop="15" data-mobi="15" data-smobi="15"></div>[vc_column_text]De conformidad con lo dispuesto en el artículo 5 de la Ley Orgánica 15/1999, de 13 de diciembre, de Protección de Datos de Carácter Personal, GESTION INTEGRAL DE ALMACENES, S.L., informa a los usuarios de su website de que los datos de carácter personal que nos proporcione mediante la cumplimentación de cualquier formulario inserto en su página web serán introducidos en un fichero titularidad de la empresa, ante la que podrá ejercitar los derechos de acceso, rectificación, cancelación y oposición mediante solicitud firmada por escrito.<br />
Las finalidades de la recogida de sus datos personales son las que particularmente se indiquen en cada una de las páginas donde aparezca el formulario de registro electrónico. Con carácter general, los datos de carácter personal que nos proporcione serán utilizados para atender a sus solicitudes de información, así como informarle sobre nuevas actividades y servicios de la empresa.<br />
GESTION INTEGRAL DE ALMACENES, S.L. se compromete a tratar de forma confidencial sus datos de carácter personal, haciendo uso de los mismos exclusivamente para las finalidades indicadas, y le informa de que tiene implantadas las medidas de seguridad de índole técnica y organizativa necesarias para garantizar la seguridad de sus datos y evitar su alteración, pérdida, tratamiento y/o acceso no autorizado, todo ello de conformidad con lo dispuesto en el artículo 9 de la LOPD y en su Reglamento de desarrollo aprobado por el Real Decreto 1720/2007, de 21 de diciembre.[/vc_column_text]
		<div class="themesflat_sc_vc-spacer clearfix" data-desktop="15" data-mobi="15" data-smobi="15"></div>[/vc_column][/vc_row][vc_row][vc_column]
		<div class="themesflat_sc_vc-spacer clearfix" data-desktop="20" data-mobi="20" data-smobi="20"></div><div class="themesflat_sc_vc-headings clearfix "  style=""><h2 class="heading clearfix" style="">
			2 - Condiciones de uso de la página web y régimen de responsabilidades
		</h2></div>
		<div class="themesflat_sc_vc-spacer clearfix" data-desktop="15" data-mobi="15" data-smobi="15"></div>[vc_column_text]La utilización de nuestra página le atribuye la condición de usuario de la misma y supone la aceptación plena y sin reservas de todas de las disposiciones aquí establecidas.<br />
GESTION INTEGRAL DE ALMACENES, S.L. se reserva el derecho a denegar o retirar el acceso a su página web, en cualquier momento, y sin necesidad de preaviso, a aquellos usuarios que incumplan las presentes disposiciones generales, así como las particulares que resulten de aplicación.<br />
GESTION INTEGRAL DE ALMACENES, S.L. no garantiza la disponibilidad y continuidad del funcionamiento de su página web y/o de sus servicios o contenido, ni que éste se encuentre actualizado. Asimismo, tampoco garantizará la disponibilidad técnica, exactitud, veracidad, validez o legalidad de páginas ajenas a su propiedad a las que se pueda acceder por medio de los enlaces. En este contexto, Bravo Advocats Associats SCP declina cualquier responsabilidad por los daños y perjuicios de toda naturaleza que puedan deberse a la falta de disponibilidad o de continuidad del funcionamiento de la página web y de sus servicios.[/vc_column_text]
		<div class="themesflat_sc_vc-spacer clearfix" data-desktop="15" data-mobi="15" data-smobi="15"></div>[/vc_column][/vc_row][vc_row][vc_column]
		<div class="themesflat_sc_vc-spacer clearfix" data-desktop="20" data-mobi="20" data-smobi="20"></div><div class="themesflat_sc_vc-headings clearfix "  style=""><h2 class="heading clearfix" style="">
			3 - Propiedad intelectual e industrial
		</h2></div>
		<div class="themesflat_sc_vc-spacer clearfix" data-desktop="15" data-mobi="15" data-smobi="15"></div>[vc_column_text]Todo el contenido disponible en la página web (textos, logotipos, iconos, imágenes, clips de audio, recopilaciones de datos y software, marcas, nombres comerciales, etc), con excepción de las citas textuales ajenas (en las que se identificará al autor de las mismas) es propiedad de GESTION INTEGRAL DE ALMACENES, S.L. y/o se encuentran legítimamente explotados en virtud de acuerdos o licencias de uso y está protegido por la legislación de Propiedad Intelectual e Industrial, de ámbito autonómico, estatal, comunitario o internacional, por lo que no se permite la reproducción y/o publicación, total o parcial del sitio web, ni su tratamiento informático, su distribución, su comunicación pública, ni su modificación o transformación, sin consentimiento previo y por escrito de GESTION INTEGRAL DE ALMACENES, S.L. El usuario podrá utilizar los contenidos de la website única y exclusivamente para su uso privado, quedando prohibido su utilización con fines comerciales o contrarios a la legislación vigente.<br />
La relación entre el usuario y GESTION INTEGRAL DE ALMACENES, S.L. se regirá por las normas de uso establecidas y en la legislación española vigente, sometiéndose las partes a la jurisdicción de los Juzgados y Tribunales de l’Hospitalet de Llobregat (Barcelona) en caso de controversia entre ambas partes.[/vc_column_text]
		<div class="themesflat_sc_vc-spacer clearfix" data-desktop="40" data-mobi="40" data-smobi="40"></div>[/vc_column][/vc_row]</p>
</div>

<p>[vc_row][vc_column][vc_column_text]En cumplimiento de la Ley 34/2002, de 11 de julio, de Servicios de la Sociedad de la Información y Comercio Electrónico, les informamos de que el website www.groupgia.com es titularidad de GESTION INTEGRAL DE ALMACENES, S.L., provista de CIF núm. B63730071 [&hellip;]</p>
