{"id":7060,"date":"2024-09-27T09:44:45","date_gmt":"2024-09-27T07:44:45","guid":{"rendered":"https:\/\/groupgia.com\/?page_id=7060"},"modified":"2024-09-27T09:44:45","modified_gmt":"2024-09-27T07:44:45","slug":"politica-de-privacidad-proteccion-datos-empresariales","status":"publish","type":"page","link":"https:\/\/groupgia.com\/es\/politica-de-privacidad-proteccion-datos-empresariales\/","title":{"rendered":"Pol\u00edtica de Privacidad y Protecci\u00f3n de Datos Empresariales"},"content":{"rendered":"<div class=\"wpb-content-wrapper\"><p>[vc_row][vc_column]\r\n\t\t<div class=\"themesflat_sc_vc-spacer clearfix\" data-desktop=\"20\" data-mobi=\"20\" data-smobi=\"20\"><\/div><div class=\"themesflat_sc_vc-headings clearfix \"  style=\"\"><h1 class=\"heading clearfix\" style=\"\">\r\n\t\t\tPol\u00edtica de Privacidad y Protecci\u00f3n de Datos Empresariales\r\n\t\t<\/h1><\/div>\r\n\t\t<div class=\"themesflat_sc_vc-spacer clearfix\" data-desktop=\"15\" data-mobi=\"15\" data-smobi=\"15\"><\/div>[vc_column_text]En GIA Group valoramos la privacidad y la seguridad de los datos de su empresa. Por ello, hemos implementado estrictas medidas para garantizar la confidencialidad, integridad y disponibilidad de la informaci\u00f3n que nos conf\u00eda. A continuaci\u00f3n, explicamos c\u00f3mo tratamos los datos empresariales que recibimos en el curso de nuestra relaci\u00f3n comercial.[\/vc_column_text]\r\n\t\t<div class=\"themesflat_sc_vc-spacer clearfix\" data-desktop=\"15\" data-mobi=\"15\" data-smobi=\"15\"><\/div>[\/vc_column][\/vc_row][vc_row][vc_column]\r\n\t\t<div class=\"themesflat_sc_vc-spacer clearfix\" data-desktop=\"20\" data-mobi=\"20\" data-smobi=\"20\"><\/div><div class=\"themesflat_sc_vc-headings clearfix \"  style=\"\"><h2 class=\"heading clearfix\" style=\"\">\r\n\t\t\t1. Datos recogidos\r\n\t\t<\/h2><\/div>\r\n\t\t<div class=\"themesflat_sc_vc-spacer clearfix\" data-desktop=\"15\" data-mobi=\"15\" data-smobi=\"15\"><\/div>[vc_column_text]Los datos que podemos recopilar incluyen informaci\u00f3n empresarial como:<\/p>\n<div>\n<ul>\n<li>Raz\u00f3n social de la empresa.<\/li>\n<li>Datos de contacto (direcci\u00f3n, tel\u00e9fono, correo electr\u00f3nico).<\/li>\n<li>Informaci\u00f3n fiscal y financiera (n\u00famero de identificaci\u00f3n fiscal, datos bancarios, etc.).<\/li>\n<li>Detalles de productos o servicios contratados.<\/li>\n<li>Cualquier otro dato necesario para la ejecuci\u00f3n de nuestras actividades comerciales.<\/li>\n<\/ul>\n<\/div>\n<p>[\/vc_column_text]\r\n\t\t<div class=\"themesflat_sc_vc-spacer clearfix\" data-desktop=\"15\" data-mobi=\"15\" data-smobi=\"15\"><\/div>[\/vc_column][\/vc_row][vc_row][vc_column]\r\n\t\t<div class=\"themesflat_sc_vc-spacer clearfix\" data-desktop=\"20\" data-mobi=\"20\" data-smobi=\"20\"><\/div><div class=\"themesflat_sc_vc-headings clearfix \"  style=\"\"><h2 class=\"heading clearfix\" style=\"\">\r\n\t\t\t2. Finalidad del Tratamiento\r\n\t\t<\/h2><\/div>\r\n\t\t<div class=\"themesflat_sc_vc-spacer clearfix\" data-desktop=\"15\" data-mobi=\"15\" data-smobi=\"15\"><\/div>[vc_column_text]Los datos proporcionados se utilizan para los siguientes fines:<\/p>\n<div>\n<ul>\n<li>Gesti\u00f3n de la relaci\u00f3n comercial, incluyendo la facturaci\u00f3n y la prestaci\u00f3n de servicios contratados.<\/li>\n<li>Cumplimiento de nuestras obligaciones legales y contractuales.<\/li>\n<li>Mejorar la calidad de nuestros servicios y adaptar nuestras ofertas a sus necesidades.<\/li>\n<li>Enviar comunicaciones comerciales o informativas, siempre con su consentimiento previo o en los casos permitidos por la ley.<\/li>\n<\/ul>\n<\/div>\n<p>[\/vc_column_text]\r\n\t\t<div class=\"themesflat_sc_vc-spacer clearfix\" data-desktop=\"15\" data-mobi=\"15\" data-smobi=\"15\"><\/div>[\/vc_column][\/vc_row][vc_row][vc_column]\r\n\t\t<div class=\"themesflat_sc_vc-spacer clearfix\" data-desktop=\"20\" data-mobi=\"20\" data-smobi=\"20\"><\/div><div class=\"themesflat_sc_vc-headings clearfix \"  style=\"\"><h2 class=\"heading clearfix\" style=\"\">\r\n\t\t\t3. Legitimaci\u00f3n del Tratamiento\r\n\t\t<\/h2><\/div>\r\n\t\t<div class=\"themesflat_sc_vc-spacer clearfix\" data-desktop=\"15\" data-mobi=\"15\" data-smobi=\"15\"><\/div>[vc_column_text]El tratamiento de los datos se realiza sobre las siguientes bases legales:<\/p>\n<div>\n<ul>\n<li><b>Ejecuci\u00f3n de un contrato:<\/b>\u00a0Los datos son necesarios para la correcta prestaci\u00f3n de los servicios contratados.<\/li>\n<li><b>Cumplimiento de una obligaci\u00f3n legal:<\/b>\u00a0Conservamos ciertos datos para cumplir con nuestras obligaciones fiscales, contables y regulatorias.<\/li>\n<li><b>Consentimiento:<\/b>\u00a0En aquellos casos donde sea necesario, solicitaremos su consentimiento expl\u00edcito para el tratamiento de datos, especialmente para el env\u00edo de comunicaciones comerciales.<\/li>\n<\/ul>\n<\/div>\n<p>[\/vc_column_text]\r\n\t\t<div class=\"themesflat_sc_vc-spacer clearfix\" data-desktop=\"40\" data-mobi=\"40\" data-smobi=\"40\"><\/div>[\/vc_column][\/vc_row][vc_row][vc_column]\r\n\t\t<div class=\"themesflat_sc_vc-spacer clearfix\" data-desktop=\"20\" data-mobi=\"20\" data-smobi=\"20\"><\/div><div class=\"themesflat_sc_vc-headings clearfix \"  style=\"\"><h2 class=\"heading clearfix\" style=\"\">\r\n\t\t\t4. Conservaci\u00f3n de los Datos\r\n\t\t<\/h2><\/div>\r\n\t\t<div class=\"themesflat_sc_vc-spacer clearfix\" data-desktop=\"15\" data-mobi=\"15\" data-smobi=\"15\"><\/div>[vc_column_text]Conservaremos los datos de su empresa durante el tiempo que sea necesario para cumplir con los fines descritos anteriormente o durante el plazo requerido por la legislaci\u00f3n vigente. Una vez cumplida esa finalidad o vencido el plazo legal, los datos ser\u00e1n eliminados de manera segura.[\/vc_column_text]\r\n\t\t<div class=\"themesflat_sc_vc-spacer clearfix\" data-desktop=\"40\" data-mobi=\"40\" data-smobi=\"40\"><\/div>[\/vc_column][\/vc_row][vc_row][vc_column]\r\n\t\t<div class=\"themesflat_sc_vc-spacer clearfix\" data-desktop=\"20\" data-mobi=\"20\" data-smobi=\"20\"><\/div><div class=\"themesflat_sc_vc-headings clearfix \"  style=\"\"><h2 class=\"heading clearfix\" style=\"\">\r\n\t\t\t5. Transferencia de Datos\r\n\t\t<\/h2><\/div>\r\n\t\t<div class=\"themesflat_sc_vc-spacer clearfix\" data-desktop=\"15\" data-mobi=\"15\" data-smobi=\"15\"><\/div>[vc_column_text]No compartimos los datos de su empresa con terceros, salvo en los siguientes casos:<\/p>\n<div>\n<ul>\n<li>Si es necesario para la prestaci\u00f3n de los servicios contratados (por ejemplo, con proveedores de servicios log\u00edsticos).<\/li>\n<li>Cuando exista una obligaci\u00f3n legal de hacerlo. En caso de ser necesario compartir los datos fuera del Espacio Econ\u00f3mico Europeo, garantizaremos que estos sean transferidos con las medidas de seguridad adecuadas.<\/li>\n<\/ul>\n<\/div>\n<p>[\/vc_column_text]\r\n\t\t<div class=\"themesflat_sc_vc-spacer clearfix\" data-desktop=\"40\" data-mobi=\"40\" data-smobi=\"40\"><\/div>[\/vc_column][\/vc_row][vc_row][vc_column]\r\n\t\t<div class=\"themesflat_sc_vc-spacer clearfix\" data-desktop=\"20\" data-mobi=\"20\" data-smobi=\"20\"><\/div><div class=\"themesflat_sc_vc-headings clearfix \"  style=\"\"><h2 class=\"heading clearfix\" style=\"\">\r\n\t\t\t6. Seguridad de los Datos\r\n\t\t<\/h2><\/div>\r\n\t\t<div class=\"themesflat_sc_vc-spacer clearfix\" data-desktop=\"15\" data-mobi=\"15\" data-smobi=\"15\"><\/div>[vc_column_text]Hemos implementado medidas t\u00e9cnicas y organizativas adecuadas para proteger sus datos contra el acceso no autorizado, p\u00e9rdida, alteraci\u00f3n o destrucci\u00f3n. Estas medidas se revisan y actualizan peri\u00f3dicamente.[\/vc_column_text]\r\n\t\t<div class=\"themesflat_sc_vc-spacer clearfix\" data-desktop=\"40\" data-mobi=\"40\" data-smobi=\"40\"><\/div>[\/vc_column][\/vc_row][vc_row][vc_column]\r\n\t\t<div class=\"themesflat_sc_vc-spacer clearfix\" data-desktop=\"20\" data-mobi=\"20\" data-smobi=\"20\"><\/div><div class=\"themesflat_sc_vc-headings clearfix \"  style=\"\"><h2 class=\"heading clearfix\" style=\"\">\r\n\t\t\t7. Derechos del Titular de los Datos\r\n\t\t<\/h2><\/div>\r\n\t\t<div class=\"themesflat_sc_vc-spacer clearfix\" data-desktop=\"15\" data-mobi=\"15\" data-smobi=\"15\"><\/div>[vc_column_text]Usted tiene derecho a:<\/p>\n<div>\n<ul>\n<li>Acceder a los datos de su empresa que tratamos.<\/li>\n<li>Solicitar la rectificaci\u00f3n de datos inexactos o la supresi\u00f3n de los mismos cuando ya no sean necesarios.<\/li>\n<li>Oponerse al tratamiento de los datos en ciertos casos, o solicitar la limitaci\u00f3n del mismo.<\/li>\n<li>Solicitar la portabilidad de los datos a otro proveedor, si es t\u00e9cnicamente posible. Para ejercer estos derechos, puede contactarnos en info@groupgia.com o C\/ Can Cabanyes, 88 | 08403 Granollers (ESPA\u00d1A).<\/li>\n<\/ul>\n<\/div>\n<p>[\/vc_column_text]\r\n\t\t<div class=\"themesflat_sc_vc-spacer clearfix\" data-desktop=\"40\" data-mobi=\"40\" data-smobi=\"40\"><\/div>[\/vc_column][\/vc_row][vc_row][vc_column]\r\n\t\t<div class=\"themesflat_sc_vc-spacer clearfix\" data-desktop=\"20\" data-mobi=\"20\" data-smobi=\"20\"><\/div><div class=\"themesflat_sc_vc-headings clearfix \"  style=\"\"><h2 class=\"heading clearfix\" style=\"\">\r\n\t\t\t8. Actualizaci\u00f3n de esta Pol\u00edtica\r\n\t\t<\/h2><\/div>\r\n\t\t<div class=\"themesflat_sc_vc-spacer clearfix\" data-desktop=\"15\" data-mobi=\"15\" data-smobi=\"15\"><\/div>[vc_column_text]Nos reservamos el derecho de actualizar esta pol\u00edtica de privacidad para adaptarla a nuevas exigencias legales o a nuestros procesos internos. En caso de cambios significativos, informaremos a los clientes a trav\u00e9s de los canales habituales.[\/vc_column_text]\r\n\t\t<div class=\"themesflat_sc_vc-spacer clearfix\" data-desktop=\"40\" data-mobi=\"40\" data-smobi=\"40\"><\/div>[\/vc_column][\/vc_row][vc_row][vc_column]\r\n\t\t<div class=\"themesflat_sc_vc-spacer clearfix\" data-desktop=\"20\" data-mobi=\"20\" data-smobi=\"20\"><\/div>\r\n\t\t<div class=\"themesflat_sc_vc-spacer clearfix\" data-desktop=\"15\" data-mobi=\"15\" data-smobi=\"15\"><\/div>[vc_column_text]Si tiene cualquier duda o consulta sobre c\u00f3mo tratamos los datos de su empresa, no dude en ponerse en contacto con nosotros. info@groupgia.com[\/vc_column_text]\r\n\t\t<div class=\"themesflat_sc_vc-spacer clearfix\" data-desktop=\"40\" data-mobi=\"40\" data-smobi=\"40\"><\/div>[\/vc_column][\/vc_row]<\/p>\n<\/div>","protected":false},"excerpt":{"rendered":"<p>[vc_row][vc_column][vc_column_text]En GIA Group valoramos la privacidad y la seguridad de los datos de su empresa. Por ello, hemos implementado estrictas medidas para garantizar la confidencialidad, integridad y disponibilidad de la informaci\u00f3n que nos conf\u00eda. A continuaci\u00f3n, explicamos c\u00f3mo tratamos los datos [&hellip;]<\/p>\n","protected":false},"author":6,"featured_media":0,"parent":0,"menu_order":0,"comment_status":"closed","ping_status":"closed","template":"tpl\/front-page.php","meta":{"_monsterinsights_skip_tracking":false,"_monsterinsights_sitenote_active":false,"_monsterinsights_sitenote_note":"","_monsterinsights_sitenote_category":0,"footnotes":""},"class_list":["post-7060","page","type-page","status-publish","hentry"],"_links":{"self":[{"href":"https:\/\/groupgia.com\/es\/wp-json\/wp\/v2\/pages\/7060","targetHints":{"allow":["GET"]}}],"collection":[{"href":"https:\/\/groupgia.com\/es\/wp-json\/wp\/v2\/pages"}],"about":[{"href":"https:\/\/groupgia.com\/es\/wp-json\/wp\/v2\/types\/page"}],"author":[{"embeddable":true,"href":"https:\/\/groupgia.com\/es\/wp-json\/wp\/v2\/users\/6"}],"replies":[{"embeddable":true,"href":"https:\/\/groupgia.com\/es\/wp-json\/wp\/v2\/comments?post=7060"}],"version-history":[{"count":0,"href":"https:\/\/groupgia.com\/es\/wp-json\/wp\/v2\/pages\/7060\/revisions"}],"wp:attachment":[{"href":"https:\/\/groupgia.com\/es\/wp-json\/wp\/v2\/media?parent=7060"}],"curies":[{"name":"wp","href":"https:\/\/api.w.org\/{rel}","templated":true}]}}

Política de Privacidad y Protección de Datos Empresariales

<div class="wpb-content-wrapper"><p>[vc_row][vc_column]
		<div class="themesflat_sc_vc-spacer clearfix" data-desktop="20" data-mobi="20" data-smobi="20"></div><div class="themesflat_sc_vc-headings clearfix "  style=""><h1 class="heading clearfix" style="">
			Política de Privacidad y Protección de Datos Empresariales
		</h1></div>
		<div class="themesflat_sc_vc-spacer clearfix" data-desktop="15" data-mobi="15" data-smobi="15"></div>[vc_column_text]En GIA Group valoramos la privacidad y la seguridad de los datos de su empresa. Por ello, hemos implementado estrictas medidas para garantizar la confidencialidad, integridad y disponibilidad de la información que nos confía. A continuación, explicamos cómo tratamos los datos empresariales que recibimos en el curso de nuestra relación comercial.[/vc_column_text]
		<div class="themesflat_sc_vc-spacer clearfix" data-desktop="15" data-mobi="15" data-smobi="15"></div>[/vc_column][/vc_row][vc_row][vc_column]
		<div class="themesflat_sc_vc-spacer clearfix" data-desktop="20" data-mobi="20" data-smobi="20"></div><div class="themesflat_sc_vc-headings clearfix "  style=""><h2 class="heading clearfix" style="">
			1. Datos recogidos
		</h2></div>
		<div class="themesflat_sc_vc-spacer clearfix" data-desktop="15" data-mobi="15" data-smobi="15"></div>[vc_column_text]Los datos que podemos recopilar incluyen información empresarial como:</p>
<div>
<ul>
<li>Razón social de la empresa.</li>
<li>Datos de contacto (dirección, teléfono, correo electrónico).</li>
<li>Información fiscal y financiera (número de identificación fiscal, datos bancarios, etc.).</li>
<li>Detalles de productos o servicios contratados.</li>
<li>Cualquier otro dato necesario para la ejecución de nuestras actividades comerciales.</li>
</ul>
</div>
<p>[/vc_column_text]
		<div class="themesflat_sc_vc-spacer clearfix" data-desktop="15" data-mobi="15" data-smobi="15"></div>[/vc_column][/vc_row][vc_row][vc_column]
		<div class="themesflat_sc_vc-spacer clearfix" data-desktop="20" data-mobi="20" data-smobi="20"></div><div class="themesflat_sc_vc-headings clearfix "  style=""><h2 class="heading clearfix" style="">
			2. Finalidad del Tratamiento
		</h2></div>
		<div class="themesflat_sc_vc-spacer clearfix" data-desktop="15" data-mobi="15" data-smobi="15"></div>[vc_column_text]Los datos proporcionados se utilizan para los siguientes fines:</p>
<div>
<ul>
<li>Gestión de la relación comercial, incluyendo la facturación y la prestación de servicios contratados.</li>
<li>Cumplimiento de nuestras obligaciones legales y contractuales.</li>
<li>Mejorar la calidad de nuestros servicios y adaptar nuestras ofertas a sus necesidades.</li>
<li>Enviar comunicaciones comerciales o informativas, siempre con su consentimiento previo o en los casos permitidos por la ley.</li>
</ul>
</div>
<p>[/vc_column_text]
		<div class="themesflat_sc_vc-spacer clearfix" data-desktop="15" data-mobi="15" data-smobi="15"></div>[/vc_column][/vc_row][vc_row][vc_column]
		<div class="themesflat_sc_vc-spacer clearfix" data-desktop="20" data-mobi="20" data-smobi="20"></div><div class="themesflat_sc_vc-headings clearfix "  style=""><h2 class="heading clearfix" style="">
			3. Legitimación del Tratamiento
		</h2></div>
		<div class="themesflat_sc_vc-spacer clearfix" data-desktop="15" data-mobi="15" data-smobi="15"></div>[vc_column_text]El tratamiento de los datos se realiza sobre las siguientes bases legales:</p>
<div>
<ul>
<li><b>Ejecución de un contrato:</b> Los datos son necesarios para la correcta prestación de los servicios contratados.</li>
<li><b>Cumplimiento de una obligación legal:</b> Conservamos ciertos datos para cumplir con nuestras obligaciones fiscales, contables y regulatorias.</li>
<li><b>Consentimiento:</b> En aquellos casos donde sea necesario, solicitaremos su consentimiento explícito para el tratamiento de datos, especialmente para el envío de comunicaciones comerciales.</li>
</ul>
</div>
<p>[/vc_column_text]
		<div class="themesflat_sc_vc-spacer clearfix" data-desktop="40" data-mobi="40" data-smobi="40"></div>[/vc_column][/vc_row][vc_row][vc_column]
		<div class="themesflat_sc_vc-spacer clearfix" data-desktop="20" data-mobi="20" data-smobi="20"></div><div class="themesflat_sc_vc-headings clearfix "  style=""><h2 class="heading clearfix" style="">
			4. Conservación de los Datos
		</h2></div>
		<div class="themesflat_sc_vc-spacer clearfix" data-desktop="15" data-mobi="15" data-smobi="15"></div>[vc_column_text]Conservaremos los datos de su empresa durante el tiempo que sea necesario para cumplir con los fines descritos anteriormente o durante el plazo requerido por la legislación vigente. Una vez cumplida esa finalidad o vencido el plazo legal, los datos serán eliminados de manera segura.[/vc_column_text]
		<div class="themesflat_sc_vc-spacer clearfix" data-desktop="40" data-mobi="40" data-smobi="40"></div>[/vc_column][/vc_row][vc_row][vc_column]
		<div class="themesflat_sc_vc-spacer clearfix" data-desktop="20" data-mobi="20" data-smobi="20"></div><div class="themesflat_sc_vc-headings clearfix "  style=""><h2 class="heading clearfix" style="">
			5. Transferencia de Datos
		</h2></div>
		<div class="themesflat_sc_vc-spacer clearfix" data-desktop="15" data-mobi="15" data-smobi="15"></div>[vc_column_text]No compartimos los datos de su empresa con terceros, salvo en los siguientes casos:</p>
<div>
<ul>
<li>Si es necesario para la prestación de los servicios contratados (por ejemplo, con proveedores de servicios logísticos).</li>
<li>Cuando exista una obligación legal de hacerlo. En caso de ser necesario compartir los datos fuera del Espacio Económico Europeo, garantizaremos que estos sean transferidos con las medidas de seguridad adecuadas.</li>
</ul>
</div>
<p>[/vc_column_text]
		<div class="themesflat_sc_vc-spacer clearfix" data-desktop="40" data-mobi="40" data-smobi="40"></div>[/vc_column][/vc_row][vc_row][vc_column]
		<div class="themesflat_sc_vc-spacer clearfix" data-desktop="20" data-mobi="20" data-smobi="20"></div><div class="themesflat_sc_vc-headings clearfix "  style=""><h2 class="heading clearfix" style="">
			6. Seguridad de los Datos
		</h2></div>
		<div class="themesflat_sc_vc-spacer clearfix" data-desktop="15" data-mobi="15" data-smobi="15"></div>[vc_column_text]Hemos implementado medidas técnicas y organizativas adecuadas para proteger sus datos contra el acceso no autorizado, pérdida, alteración o destrucción. Estas medidas se revisan y actualizan periódicamente.[/vc_column_text]
		<div class="themesflat_sc_vc-spacer clearfix" data-desktop="40" data-mobi="40" data-smobi="40"></div>[/vc_column][/vc_row][vc_row][vc_column]
		<div class="themesflat_sc_vc-spacer clearfix" data-desktop="20" data-mobi="20" data-smobi="20"></div><div class="themesflat_sc_vc-headings clearfix "  style=""><h2 class="heading clearfix" style="">
			7. Derechos del Titular de los Datos
		</h2></div>
		<div class="themesflat_sc_vc-spacer clearfix" data-desktop="15" data-mobi="15" data-smobi="15"></div>[vc_column_text]Usted tiene derecho a:</p>
<div>
<ul>
<li>Acceder a los datos de su empresa que tratamos.</li>
<li>Solicitar la rectificación de datos inexactos o la supresión de los mismos cuando ya no sean necesarios.</li>
<li>Oponerse al tratamiento de los datos en ciertos casos, o solicitar la limitación del mismo.</li>
<li>Solicitar la portabilidad de los datos a otro proveedor, si es técnicamente posible. Para ejercer estos derechos, puede contactarnos en info@groupgia.com o C/ Can Cabanyes, 88 | 08403 Granollers (ESPAÑA).</li>
</ul>
</div>
<p>[/vc_column_text]
		<div class="themesflat_sc_vc-spacer clearfix" data-desktop="40" data-mobi="40" data-smobi="40"></div>[/vc_column][/vc_row][vc_row][vc_column]
		<div class="themesflat_sc_vc-spacer clearfix" data-desktop="20" data-mobi="20" data-smobi="20"></div><div class="themesflat_sc_vc-headings clearfix "  style=""><h2 class="heading clearfix" style="">
			8. Actualización de esta Política
		</h2></div>
		<div class="themesflat_sc_vc-spacer clearfix" data-desktop="15" data-mobi="15" data-smobi="15"></div>[vc_column_text]Nos reservamos el derecho de actualizar esta política de privacidad para adaptarla a nuevas exigencias legales o a nuestros procesos internos. En caso de cambios significativos, informaremos a los clientes a través de los canales habituales.[/vc_column_text]
		<div class="themesflat_sc_vc-spacer clearfix" data-desktop="40" data-mobi="40" data-smobi="40"></div>[/vc_column][/vc_row][vc_row][vc_column]
		<div class="themesflat_sc_vc-spacer clearfix" data-desktop="20" data-mobi="20" data-smobi="20"></div>
		<div class="themesflat_sc_vc-spacer clearfix" data-desktop="15" data-mobi="15" data-smobi="15"></div>[vc_column_text]Si tiene cualquier duda o consulta sobre cómo tratamos los datos de su empresa, no dude en ponerse en contacto con nosotros. info@groupgia.com[/vc_column_text]
		<div class="themesflat_sc_vc-spacer clearfix" data-desktop="40" data-mobi="40" data-smobi="40"></div>[/vc_column][/vc_row]</p>
</div>

<p>[vc_row][vc_column][vc_column_text]En GIA Group valoramos la privacidad y la seguridad de los datos de su empresa. Por ello, hemos implementado estrictas medidas para garantizar la confidencialidad, integridad y disponibilidad de la información que nos confía. A continuación, explicamos cómo tratamos los datos [&hellip;]</p>
